{"id":448,"date":"2021-09-22T07:50:49","date_gmt":"2021-09-22T05:50:49","guid":{"rendered":"http:\/\/sybiracy.edu.pl\/?page_id=448"},"modified":"2025-10-23T09:46:48","modified_gmt":"2025-10-23T07:46:48","slug":"mlegitymacja","status":"publish","type":"page","link":"https:\/\/sybiracy.edu.pl\/index.php\/mlegitymacja\/","title":{"rendered":"mLegitymacja"},"content":{"rendered":"\n<p>Od 17 wrze\u015bnia 2025 r. legitymacje szkolne s\u0105 dost\u0119pne w nowej formie \u2013 jako mLegitymacja w aplikacji mObywatel oraz dla uczni\u00f3w niepe\u0142noletnich mObywatel Junior.<\/p>\n\n\n\n<p>Uczniowie&nbsp; mog\u0105 mie\u0107 swoj\u0105 legitymacj\u0119 zawsze w telefonie, bez konieczno\u015bci noszenia dokumentu papierowego &#8211; wystarczy smartfon.<\/p>\n\n\n\n<p><strong>Co daje mLegitymacja?<\/strong><\/p>\n\n\n\n<p>&#8211; potwierdza, \u017ce ucze\u0144 uczy si\u0119 w danej szkole,<\/p>\n\n\n\n<p>&#8211; umo\u017cliwia korzystanie z ulg i zwolnie\u0144 (np. w komunikacji),<\/p>\n\n\n\n<p>&#8211; jest nowoczesnym, bezpiecznym i wygodnym rozwi\u0105zaniem<\/p>\n\n\n\n<p><strong>Legitymacja szkolna od teraz tak\u017ce w telefonie rodzica<\/strong><\/p>\n\n\n\n<p>Rodzic lub opiekun prawny mo\u017ce doda\u0107 legitymacj\u0119 szkoln\u0105 dziecka do&nbsp;swojej aplikacji mObywatel. W&nbsp;tym celu nale\u017cy zeskanowa\u0107 kod QR lub wklei\u0107 32-znakowy kod UUID ze Zintegrowanej Platformy Edukacyjnej. Zar\u00f3wno rodzic, jak i&nbsp;opiekun mog\u0105 w&nbsp;aplikacji doda\u0107 legitymacje kilku swoich dzieci lub podopiecznych. \u0141\u0105cznie mo\u017cna je mie\u0107 na&nbsp;pi\u0119ciu r\u00f3\u017cnych urz\u0105dzeniach \u2013 na&nbsp;jednym urz\u0105dzeniu w&nbsp;wersji aplikacji mObywatel Junior oraz na&nbsp;czterech innych w&nbsp;aplikacji mObywatel (rodzica lub opiekuna prawnego).<\/p>\n\n\n\n<p><strong>Jak aktywowa\u0107 profil mObywatel Junior i doda\u0107 legitymacj\u0119 szkoln\u0105 do aplikacji?<\/strong><\/p>\n\n\n\n<p><strong>To proste! Zobacz, jak to&nbsp;zrobi\u0107:<\/strong><\/p>\n\n\n\n<ul class=\"wp-block-list\">\n<li><strong>Pobierz aplikacj\u0119 mObywatel z&nbsp;Google Play lub App Store i&nbsp;zainstaluj j\u0105.<\/strong><\/li>\n\n\n\n<li><strong>Uruchom aplikacj\u0119 mObywatel, a&nbsp;nast\u0119pnie wybierz wersj\u0119 mObywatel Junior.<\/strong><\/li>\n\n\n\n<li><strong>Wybierz motyw \u2013 energia, geometria, kosmos.<\/strong><\/li>\n\n\n\n<li><strong>Ustaw 6-cyfrowy PIN. Powinien by\u0107 trudny do&nbsp;odgadni\u0119cia.<\/strong><\/li>\n\n\n\n<li><strong>Zeskanuj kod QR z&nbsp;Zintegrowanej Platformy Edukacyjnej (ZPE) \u2013 zpe.gov.pl.<\/strong><\/li>\n\n\n\n<li><strong>Gdy masz powy\u017cej 13 lat, aplikacja poprosi Ci\u0119 o&nbsp;zaakceptowanie regulaminu mObywatela oraz polityki prywatno\u015bci.<\/strong><\/li>\n\n\n\n<li><strong>Po chwili Tw\u00f3j dokument zostanie dodany do<\/strong><\/li>\n\n\n\n<li><strong>I gotowe! Od teraz mo\u017cesz korzysta\u0107 z&nbsp;legitymacji w&nbsp;swoim telefonie!<\/strong><\/li>\n<\/ul>\n\n\n\n<p><strong>mObywatel Junior jest dost\u0119pny dla u\u017cytkownik\u00f3w, kt\u00f3rzy maj\u0105 mObywatela w&nbsp;wersji 4.66.0 (lub wy\u017cszej).<\/strong><\/p>\n\n\n\n<p><strong>Ucze\u0144 otrzyma od wychowawcy login i has\u0142o do ZPE.<\/strong><\/p>\n\n\n\n<p>Po zalogowaniu si\u0119 do ZPE ucze\u0144 pobiera kod QR i skanuje go w aplikacji mObywatel lub mObywatel Junior.<\/p>\n\n\n\n<p><strong>Wa\u017cne!<\/strong><\/p>\n\n\n\n<p>Nowi uczniowie (np. pierwszoklasi\u015bci lub osoby, kt\u00f3re zmieni\u0142y szko\u0142\u0119) b\u0119d\u0105 mogli korzysta\u0107 z mLegitymacji dopiero po wprowadzeniu ich danych do systemu.<\/p>\n\n\n\n<p>Szczeg\u00f3\u0142owe instrukcje i film instrukta\u017cowy: <\/p>\n\n\n\n<p><a href=\"https:\/\/info.mobywatel.gov.pl\/aktualnosci\/mobywatel-junior-dodaj-legitymacje-szkolna-do-aplikacji\">https:\/\/info.mobywatel.gov.pl\/aktualnosci\/mobywatel-junior-dodaj-legitymacje-szkolna-do-aplikacji<\/a><\/p>\n\n\n\n<p><\/p>\n","protected":false},"excerpt":{"rendered":"<p>Od 17 wrze\u015bnia 2025 r. legitymacje szkolne s\u0105 dost\u0119pne w nowej formie \u2013 jako mLegitymacja w aplikacji mObywatel oraz dla uczni\u00f3w niepe\u0142noletnich mObywatel Junior. Uczniowie&nbsp; mog\u0105 mie\u0107 swoj\u0105 legitymacj\u0119 zawsze w telefonie, bez konieczno\u015bci noszenia dokumentu papierowego &#8211; wystarczy smartfon. Co daje mLegitymacja? &#8211; potwierdza, \u017ce ucze\u0144 uczy si\u0119 w danej szkole, &#8211; umo\u017cliwia korzystanie z ulg i zwolnie\u0144 (np. w komunikacji), &#8211; jest nowoczesnym, bezpiecznym i wygodnym rozwi\u0105zaniem Legitymacja szkolna od teraz tak\u017ce w telefonie rodzica Rodzic lub opiekun prawny mo\u017ce doda\u0107 legitymacj\u0119 szkoln\u0105 dziecka do&nbsp;swojej aplikacji mObywatel. W&nbsp;tym celu nale\u017cy zeskanowa\u0107 kod QR lub wklei\u0107 32-znakowy kod UUID ze Zintegrowanej Platformy Edukacyjnej. Zar\u00f3wno rodzic, jak i&nbsp;opiekun mog\u0105 w&nbsp;aplikacji doda\u0107 legitymacje kilku swoich dzieci lub podopiecznych. \u0141\u0105cznie mo\u017cna je mie\u0107 na&nbsp;pi\u0119ciu r\u00f3\u017cnych urz\u0105dzeniach \u2013 na&nbsp;jednym urz\u0105dzeniu w&nbsp;wersji aplikacji mObywatel Junior oraz na&nbsp;czterech innych w&nbsp;aplikacji mObywatel (rodzica lub opiekuna prawnego). Jak aktywowa\u0107 profil mObywatel Junior i doda\u0107 legitymacj\u0119 szkoln\u0105 do aplikacji? To proste! Zobacz, jak to&nbsp;zrobi\u0107: mObywatel Junior jest dost\u0119pny dla u\u017cytkownik\u00f3w, kt\u00f3rzy maj\u0105 mObywatela w&nbsp;wersji 4.66.0 (lub wy\u017cszej). Ucze\u0144 otrzyma od wychowawcy login i has\u0142o do ZPE. Po zalogowaniu si\u0119 do ZPE ucze\u0144 pobiera kod QR i skanuje go w aplikacji mObywatel lub mObywatel Junior. Wa\u017cne! Nowi uczniowie (np. pierwszoklasi\u015bci lub osoby, kt\u00f3re zmieni\u0142y szko\u0142\u0119) b\u0119d\u0105 mogli korzysta\u0107 z mLegitymacji dopiero po wprowadzeniu ich danych do systemu. Szczeg\u00f3\u0142owe instrukcje i film instrukta\u017cowy: https:\/\/info.mobywatel.gov.pl\/aktualnosci\/mobywatel-junior-dodaj-legitymacje-szkolna-do-aplikacji<\/p>\n","protected":false},"author":1,"featured_media":0,"parent":0,"menu_order":0,"comment_status":"closed","ping_status":"closed","template":"","meta":{"ngg_post_thumbnail":0,"footnotes":""},"class_list":["post-448","page","type-page","status-publish","hentry"],"_links":{"self":[{"href":"https:\/\/sybiracy.edu.pl\/index.php\/wp-json\/wp\/v2\/pages\/448","targetHints":{"allow":["GET"]}}],"collection":[{"href":"https:\/\/sybiracy.edu.pl\/index.php\/wp-json\/wp\/v2\/pages"}],"about":[{"href":"https:\/\/sybiracy.edu.pl\/index.php\/wp-json\/wp\/v2\/types\/page"}],"author":[{"embeddable":true,"href":"https:\/\/sybiracy.edu.pl\/index.php\/wp-json\/wp\/v2\/users\/1"}],"replies":[{"embeddable":true,"href":"https:\/\/sybiracy.edu.pl\/index.php\/wp-json\/wp\/v2\/comments?post=448"}],"version-history":[{"count":6,"href":"https:\/\/sybiracy.edu.pl\/index.php\/wp-json\/wp\/v2\/pages\/448\/revisions"}],"predecessor-version":[{"id":12268,"href":"https:\/\/sybiracy.edu.pl\/index.php\/wp-json\/wp\/v2\/pages\/448\/revisions\/12268"}],"wp:attachment":[{"href":"https:\/\/sybiracy.edu.pl\/index.php\/wp-json\/wp\/v2\/media?parent=448"}],"curies":[{"name":"wp","href":"https:\/\/api.w.org\/{rel}","templated":true}]}}