{"id":3700,"date":"2022-10-27T14:26:31","date_gmt":"2022-10-27T12:26:31","guid":{"rendered":"https:\/\/sybiracy.edu.pl\/?page_id=3700"},"modified":"2022-10-27T14:26:31","modified_gmt":"2022-10-27T12:26:31","slug":"wolontariat","status":"publish","type":"page","link":"https:\/\/sybiracy.edu.pl\/index.php\/wolontariat\/","title":{"rendered":"Wolontariat"},"content":{"rendered":"\n<p><strong>Koordynatorzy  szkolnego Klubu Wolontariatu<\/strong><\/p>\n\n\n\n<ul class=\"wp-block-list\"><li>Agnieszka Bojnarowska<\/li><li>Magdalena Joniec-Kulczyk<\/li><li>Anna Ciapa\u0142a<\/li><li>Mgdalena \u017bywczak<\/li><\/ul>\n\n\n\n<p><strong>Uczestniczyli\u015bmy w wielu programach i akcjach m.in.:<\/strong><\/p>\n\n\n\n<ul class=\"wp-block-list\"><li>Karta Dobra<\/li><li>Koncert w s\u0105deckim hospicjum;<\/li><li>Wsp\u00f3\u0142organizacja zabawy Andzejkowej dla przedszkolak\u00f3w (Przedszkole nr 4);<\/li><li>Organizacja miko\u0142ajkowej paczki dla podopiecznego Stowarzyszenia Sursum Corda;<\/li><li>\u201eDecydujesz, pomagamy &#8211; Tesco: Urodziny na lekarstwo\u201d;<\/li><li>\u201eZosta\u0144 \u015awi\u0119tym Miko\u0142ajem\u201d;<\/li><li>\u201eZakr\u0119tki-Odkr\u0119camy Marzenia\u201d &#8211; Fundusz Ma\u0142ych Marzycieli &#8211; zbi\u00f3rka nakr\u0119tek;<\/li><li>Warsztaty \u201cWolontariat podaj dalej\u201d;<\/li><\/ul>\n\n\n\n<figure class=\"wp-block-gallery has-nested-images columns-default is-cropped wp-block-gallery-1 is-layout-flex wp-block-gallery-is-layout-flex\">\n<figure class=\"wp-block-image size-large\"><a href=\"https:\/\/sybiracy.edu.pl\/wp-content\/uploads\/2022\/10\/2-9.jpg\" data-rel=\"lightbox-gallery-InNhtBtw\" data-rl_title=\"\" data-rl_caption=\"\" title=\"\"><img fetchpriority=\"high\" decoding=\"async\" width=\"1024\" height=\"768\" data-id=\"3725\" src=\"https:\/\/sybiracy.edu.pl\/wp-content\/uploads\/2022\/10\/2-9-1024x768.jpg\" alt=\"\" class=\"wp-image-3725\" srcset=\"https:\/\/sybiracy.edu.pl\/wp-content\/uploads\/2022\/10\/2-9-1024x768.jpg 1024w, https:\/\/sybiracy.edu.pl\/wp-content\/uploads\/2022\/10\/2-9-300x225.jpg 300w, https:\/\/sybiracy.edu.pl\/wp-content\/uploads\/2022\/10\/2-9-768x576.jpg 768w, https:\/\/sybiracy.edu.pl\/wp-content\/uploads\/2022\/10\/2-9-1140x855.jpg 1140w, https:\/\/sybiracy.edu.pl\/wp-content\/uploads\/2022\/10\/2-9.jpg 1334w\" sizes=\"(max-width: 1024px) 100vw, 1024px\" \/><\/a><\/figure>\n\n\n\n<figure class=\"wp-block-image size-large\"><a href=\"https:\/\/sybiracy.edu.pl\/wp-content\/uploads\/2022\/10\/5-7.jpg\" data-rel=\"lightbox-gallery-InNhtBtw\" data-rl_title=\"\" data-rl_caption=\"\" title=\"\"><img decoding=\"async\" width=\"1024\" height=\"768\" data-id=\"3729\" src=\"https:\/\/sybiracy.edu.pl\/wp-content\/uploads\/2022\/10\/5-7-1024x768.jpg\" alt=\"\" class=\"wp-image-3729\" srcset=\"https:\/\/sybiracy.edu.pl\/wp-content\/uploads\/2022\/10\/5-7-1024x768.jpg 1024w, https:\/\/sybiracy.edu.pl\/wp-content\/uploads\/2022\/10\/5-7-300x225.jpg 300w, https:\/\/sybiracy.edu.pl\/wp-content\/uploads\/2022\/10\/5-7-768x576.jpg 768w, https:\/\/sybiracy.edu.pl\/wp-content\/uploads\/2022\/10\/5-7-1140x855.jpg 1140w, https:\/\/sybiracy.edu.pl\/wp-content\/uploads\/2022\/10\/5-7.jpg 1334w\" sizes=\"(max-width: 1024px) 100vw, 1024px\" \/><\/a><\/figure>\n\n\n\n<figure class=\"wp-block-image size-large\"><a href=\"https:\/\/sybiracy.edu.pl\/wp-content\/uploads\/2022\/10\/6-5.jpg\" data-rel=\"lightbox-gallery-InNhtBtw\" data-rl_title=\"\" data-rl_caption=\"\" title=\"\"><img decoding=\"async\" width=\"1024\" height=\"768\" data-id=\"3732\" src=\"https:\/\/sybiracy.edu.pl\/wp-content\/uploads\/2022\/10\/6-5-1024x768.jpg\" alt=\"\" class=\"wp-image-3732\" srcset=\"https:\/\/sybiracy.edu.pl\/wp-content\/uploads\/2022\/10\/6-5-1024x768.jpg 1024w, https:\/\/sybiracy.edu.pl\/wp-content\/uploads\/2022\/10\/6-5-300x225.jpg 300w, https:\/\/sybiracy.edu.pl\/wp-content\/uploads\/2022\/10\/6-5-768x576.jpg 768w, https:\/\/sybiracy.edu.pl\/wp-content\/uploads\/2022\/10\/6-5-1140x855.jpg 1140w, https:\/\/sybiracy.edu.pl\/wp-content\/uploads\/2022\/10\/6-5.jpg 1334w\" sizes=\"(max-width: 1024px) 100vw, 1024px\" \/><\/a><\/figure>\n\n\n\n<figure class=\"wp-block-image size-large\"><a href=\"https:\/\/sybiracy.edu.pl\/wp-content\/uploads\/2022\/10\/1-7.jpg\" data-rel=\"lightbox-gallery-InNhtBtw\" data-rl_title=\"\" data-rl_caption=\"\" title=\"\"><img loading=\"lazy\" decoding=\"async\" width=\"1024\" height=\"768\" data-id=\"3727\" src=\"https:\/\/sybiracy.edu.pl\/wp-content\/uploads\/2022\/10\/1-7-1024x768.jpg\" alt=\"\" class=\"wp-image-3727\" srcset=\"https:\/\/sybiracy.edu.pl\/wp-content\/uploads\/2022\/10\/1-7-1024x768.jpg 1024w, https:\/\/sybiracy.edu.pl\/wp-content\/uploads\/2022\/10\/1-7-300x225.jpg 300w, https:\/\/sybiracy.edu.pl\/wp-content\/uploads\/2022\/10\/1-7-768x576.jpg 768w, https:\/\/sybiracy.edu.pl\/wp-content\/uploads\/2022\/10\/1-7-1140x855.jpg 1140w, https:\/\/sybiracy.edu.pl\/wp-content\/uploads\/2022\/10\/1-7.jpg 1280w\" sizes=\"(max-width: 1024px) 100vw, 1024px\" \/><\/a><\/figure>\n\n\n\n<figure class=\"wp-block-image size-large\"><a href=\"https:\/\/sybiracy.edu.pl\/wp-content\/uploads\/2022\/10\/8-3.jpg\" data-rel=\"lightbox-gallery-InNhtBtw\" data-rl_title=\"\" data-rl_caption=\"\" title=\"\"><img loading=\"lazy\" decoding=\"async\" width=\"981\" height=\"736\" data-id=\"3726\" src=\"https:\/\/sybiracy.edu.pl\/wp-content\/uploads\/2022\/10\/8-3.jpg\" alt=\"\" class=\"wp-image-3726\" srcset=\"https:\/\/sybiracy.edu.pl\/wp-content\/uploads\/2022\/10\/8-3.jpg 981w, https:\/\/sybiracy.edu.pl\/wp-content\/uploads\/2022\/10\/8-3-300x225.jpg 300w, https:\/\/sybiracy.edu.pl\/wp-content\/uploads\/2022\/10\/8-3-768x576.jpg 768w\" sizes=\"(max-width: 981px) 100vw, 981px\" \/><\/a><\/figure>\n\n\n\n<figure class=\"wp-block-image size-large\"><a href=\"https:\/\/sybiracy.edu.pl\/wp-content\/uploads\/2022\/10\/5-2.jpg\" data-rel=\"lightbox-gallery-InNhtBtw\" data-rl_title=\"\" data-rl_caption=\"\" title=\"\"><img loading=\"lazy\" decoding=\"async\" width=\"960\" height=\"720\" data-id=\"3721\" src=\"https:\/\/sybiracy.edu.pl\/wp-content\/uploads\/2022\/10\/5-2.jpg\" alt=\"\" class=\"wp-image-3721\" srcset=\"https:\/\/sybiracy.edu.pl\/wp-content\/uploads\/2022\/10\/5-2.jpg 960w, https:\/\/sybiracy.edu.pl\/wp-content\/uploads\/2022\/10\/5-2-300x225.jpg 300w, https:\/\/sybiracy.edu.pl\/wp-content\/uploads\/2022\/10\/5-2-768x576.jpg 768w\" sizes=\"(max-width: 960px) 100vw, 960px\" \/><\/a><\/figure>\n\n\n\n<figure class=\"wp-block-image size-large\"><a href=\"https:\/\/sybiracy.edu.pl\/wp-content\/uploads\/2022\/10\/4-3.jpg\" data-rel=\"lightbox-gallery-InNhtBtw\" data-rl_title=\"\" data-rl_caption=\"\" title=\"\"><img loading=\"lazy\" decoding=\"async\" width=\"720\" height=\"960\" data-id=\"3720\" src=\"https:\/\/sybiracy.edu.pl\/wp-content\/uploads\/2022\/10\/4-3.jpg\" alt=\"\" class=\"wp-image-3720\" srcset=\"https:\/\/sybiracy.edu.pl\/wp-content\/uploads\/2022\/10\/4-3.jpg 720w, https:\/\/sybiracy.edu.pl\/wp-content\/uploads\/2022\/10\/4-3-225x300.jpg 225w\" sizes=\"(max-width: 720px) 100vw, 720px\" \/><\/a><\/figure>\n\n\n\n<figure class=\"wp-block-image size-large\"><a href=\"https:\/\/sybiracy.edu.pl\/wp-content\/uploads\/2022\/10\/6-1.jpg\" data-rel=\"lightbox-gallery-InNhtBtw\" data-rl_title=\"\" data-rl_caption=\"\" title=\"\"><img loading=\"lazy\" decoding=\"async\" width=\"960\" height=\"720\" data-id=\"3722\" src=\"https:\/\/sybiracy.edu.pl\/wp-content\/uploads\/2022\/10\/6-1.jpg\" alt=\"\" class=\"wp-image-3722\" srcset=\"https:\/\/sybiracy.edu.pl\/wp-content\/uploads\/2022\/10\/6-1.jpg 960w, https:\/\/sybiracy.edu.pl\/wp-content\/uploads\/2022\/10\/6-1-300x225.jpg 300w, https:\/\/sybiracy.edu.pl\/wp-content\/uploads\/2022\/10\/6-1-768x576.jpg 768w\" sizes=\"(max-width: 960px) 100vw, 960px\" \/><\/a><\/figure>\n\n\n\n<figure class=\"wp-block-image size-large\"><a href=\"https:\/\/sybiracy.edu.pl\/wp-content\/uploads\/2022\/10\/3-4.jpg\" data-rel=\"lightbox-gallery-InNhtBtw\" data-rl_title=\"\" data-rl_caption=\"\" title=\"\"><img loading=\"lazy\" decoding=\"async\" width=\"960\" height=\"720\" data-id=\"3723\" src=\"https:\/\/sybiracy.edu.pl\/wp-content\/uploads\/2022\/10\/3-4.jpg\" alt=\"\" class=\"wp-image-3723\" srcset=\"https:\/\/sybiracy.edu.pl\/wp-content\/uploads\/2022\/10\/3-4.jpg 960w, https:\/\/sybiracy.edu.pl\/wp-content\/uploads\/2022\/10\/3-4-300x225.jpg 300w, https:\/\/sybiracy.edu.pl\/wp-content\/uploads\/2022\/10\/3-4-768x576.jpg 768w\" sizes=\"(max-width: 960px) 100vw, 960px\" \/><\/a><\/figure>\n\n\n\n<figure class=\"wp-block-image size-large\"><a href=\"https:\/\/sybiracy.edu.pl\/wp-content\/uploads\/2022\/10\/andrzejki_prz_nr4_5.jpg\" data-rel=\"lightbox-gallery-InNhtBtw\" data-rl_title=\"\" data-rl_caption=\"\" title=\"\"><img loading=\"lazy\" decoding=\"async\" width=\"1024\" height=\"575\" data-id=\"3731\" src=\"https:\/\/sybiracy.edu.pl\/wp-content\/uploads\/2022\/10\/andrzejki_prz_nr4_5-1024x575.jpg\" alt=\"\" class=\"wp-image-3731\" srcset=\"https:\/\/sybiracy.edu.pl\/wp-content\/uploads\/2022\/10\/andrzejki_prz_nr4_5-1024x575.jpg 1024w, https:\/\/sybiracy.edu.pl\/wp-content\/uploads\/2022\/10\/andrzejki_prz_nr4_5-300x168.jpg 300w, https:\/\/sybiracy.edu.pl\/wp-content\/uploads\/2022\/10\/andrzejki_prz_nr4_5-768x431.jpg 768w, https:\/\/sybiracy.edu.pl\/wp-content\/uploads\/2022\/10\/andrzejki_prz_nr4_5-1536x863.jpg 1536w, https:\/\/sybiracy.edu.pl\/wp-content\/uploads\/2022\/10\/andrzejki_prz_nr4_5-1140x640.jpg 1140w, https:\/\/sybiracy.edu.pl\/wp-content\/uploads\/2022\/10\/andrzejki_prz_nr4_5.jpg 1820w\" sizes=\"(max-width: 1024px) 100vw, 1024px\" \/><\/a><\/figure>\n\n\n\n<figure class=\"wp-block-image size-large\"><a href=\"https:\/\/sybiracy.edu.pl\/wp-content\/uploads\/2022\/10\/andrzejki_prz_nr4_2.jpg\" data-rel=\"lightbox-gallery-InNhtBtw\" data-rl_title=\"\" data-rl_caption=\"\" title=\"\"><img loading=\"lazy\" decoding=\"async\" width=\"1024\" height=\"575\" data-id=\"3730\" src=\"https:\/\/sybiracy.edu.pl\/wp-content\/uploads\/2022\/10\/andrzejki_prz_nr4_2-1024x575.jpg\" alt=\"\" class=\"wp-image-3730\" srcset=\"https:\/\/sybiracy.edu.pl\/wp-content\/uploads\/2022\/10\/andrzejki_prz_nr4_2-1024x575.jpg 1024w, https:\/\/sybiracy.edu.pl\/wp-content\/uploads\/2022\/10\/andrzejki_prz_nr4_2-300x168.jpg 300w, https:\/\/sybiracy.edu.pl\/wp-content\/uploads\/2022\/10\/andrzejki_prz_nr4_2-768x431.jpg 768w, https:\/\/sybiracy.edu.pl\/wp-content\/uploads\/2022\/10\/andrzejki_prz_nr4_2-1536x863.jpg 1536w, https:\/\/sybiracy.edu.pl\/wp-content\/uploads\/2022\/10\/andrzejki_prz_nr4_2-1140x640.jpg 1140w, https:\/\/sybiracy.edu.pl\/wp-content\/uploads\/2022\/10\/andrzejki_prz_nr4_2.jpg 1820w\" sizes=\"(max-width: 1024px) 100vw, 1024px\" \/><\/a><\/figure>\n\n\n\n<figure class=\"wp-block-image size-large\"><a href=\"https:\/\/sybiracy.edu.pl\/wp-content\/uploads\/2022\/10\/zabawa_karnawalowa3.jpg\" data-rel=\"lightbox-gallery-InNhtBtw\" data-rl_title=\"\" data-rl_caption=\"\" title=\"\"><img loading=\"lazy\" decoding=\"async\" width=\"1024\" height=\"768\" data-id=\"3728\" src=\"https:\/\/sybiracy.edu.pl\/wp-content\/uploads\/2022\/10\/zabawa_karnawalowa3-1024x768.jpg\" alt=\"\" class=\"wp-image-3728\" srcset=\"https:\/\/sybiracy.edu.pl\/wp-content\/uploads\/2022\/10\/zabawa_karnawalowa3-1024x768.jpg 1024w, https:\/\/sybiracy.edu.pl\/wp-content\/uploads\/2022\/10\/zabawa_karnawalowa3-300x225.jpg 300w, https:\/\/sybiracy.edu.pl\/wp-content\/uploads\/2022\/10\/zabawa_karnawalowa3-768x576.jpg 768w, https:\/\/sybiracy.edu.pl\/wp-content\/uploads\/2022\/10\/zabawa_karnawalowa3-1140x855.jpg 1140w, https:\/\/sybiracy.edu.pl\/wp-content\/uploads\/2022\/10\/zabawa_karnawalowa3.jpg 1280w\" sizes=\"(max-width: 1024px) 100vw, 1024px\" \/><\/a><\/figure>\n\n\n\n<figure class=\"wp-block-image size-large\"><a href=\"https:\/\/sybiracy.edu.pl\/wp-content\/uploads\/2022\/10\/zabawa_karnawalowa2-scaled.jpg\" data-rel=\"lightbox-gallery-InNhtBtw\" data-rl_title=\"\" data-rl_caption=\"\" title=\"\"><img loading=\"lazy\" decoding=\"async\" width=\"768\" height=\"1024\" data-id=\"3733\" src=\"https:\/\/sybiracy.edu.pl\/wp-content\/uploads\/2022\/10\/zabawa_karnawalowa2-768x1024.jpg\" alt=\"\" class=\"wp-image-3733\" srcset=\"https:\/\/sybiracy.edu.pl\/wp-content\/uploads\/2022\/10\/zabawa_karnawalowa2-768x1024.jpg 768w, https:\/\/sybiracy.edu.pl\/wp-content\/uploads\/2022\/10\/zabawa_karnawalowa2-225x300.jpg 225w, https:\/\/sybiracy.edu.pl\/wp-content\/uploads\/2022\/10\/zabawa_karnawalowa2-1152x1536.jpg 1152w, https:\/\/sybiracy.edu.pl\/wp-content\/uploads\/2022\/10\/zabawa_karnawalowa2-1536x2048.jpg 1536w, https:\/\/sybiracy.edu.pl\/wp-content\/uploads\/2022\/10\/zabawa_karnawalowa2-1140x1520.jpg 1140w, https:\/\/sybiracy.edu.pl\/wp-content\/uploads\/2022\/10\/zabawa_karnawalowa2-scaled.jpg 1920w\" sizes=\"(max-width: 768px) 100vw, 768px\" \/><\/a><\/figure>\n\n\n\n<figure class=\"wp-block-image size-large\"><a href=\"https:\/\/sybiracy.edu.pl\/wp-content\/uploads\/2022\/10\/zabawa_karnawalowa7.jpg\" data-rel=\"lightbox-gallery-InNhtBtw\" data-rl_title=\"\" data-rl_caption=\"\" title=\"\"><img loading=\"lazy\" decoding=\"async\" width=\"576\" height=\"1024\" data-id=\"3724\" src=\"https:\/\/sybiracy.edu.pl\/wp-content\/uploads\/2022\/10\/zabawa_karnawalowa7-576x1024.jpg\" alt=\"\" class=\"wp-image-3724\" srcset=\"https:\/\/sybiracy.edu.pl\/wp-content\/uploads\/2022\/10\/zabawa_karnawalowa7-576x1024.jpg 576w, https:\/\/sybiracy.edu.pl\/wp-content\/uploads\/2022\/10\/zabawa_karnawalowa7-169x300.jpg 169w, https:\/\/sybiracy.edu.pl\/wp-content\/uploads\/2022\/10\/zabawa_karnawalowa7.jpg 720w\" sizes=\"(max-width: 576px) 100vw, 576px\" \/><\/a><\/figure>\n\n\n\n<figure class=\"wp-block-image size-large\"><a href=\"https:\/\/sybiracy.edu.pl\/wp-content\/uploads\/2022\/10\/313183174_1389271934942585_5045093210199139954_n.jpg\" data-rel=\"lightbox-gallery-InNhtBtw\" data-rl_title=\"\" data-rl_caption=\"\" title=\"\"><img loading=\"lazy\" decoding=\"async\" width=\"1170\" height=\"1560\" data-id=\"3744\" src=\"https:\/\/sybiracy.edu.pl\/wp-content\/uploads\/2022\/10\/313183174_1389271934942585_5045093210199139954_n.jpg\" alt=\"\" class=\"wp-image-3744\" srcset=\"https:\/\/sybiracy.edu.pl\/wp-content\/uploads\/2022\/10\/313183174_1389271934942585_5045093210199139954_n.jpg 1170w, https:\/\/sybiracy.edu.pl\/wp-content\/uploads\/2022\/10\/313183174_1389271934942585_5045093210199139954_n-225x300.jpg 225w, https:\/\/sybiracy.edu.pl\/wp-content\/uploads\/2022\/10\/313183174_1389271934942585_5045093210199139954_n-768x1024.jpg 768w, https:\/\/sybiracy.edu.pl\/wp-content\/uploads\/2022\/10\/313183174_1389271934942585_5045093210199139954_n-1152x1536.jpg 1152w, https:\/\/sybiracy.edu.pl\/wp-content\/uploads\/2022\/10\/313183174_1389271934942585_5045093210199139954_n-1140x1520.jpg 1140w\" sizes=\"(max-width: 1170px) 100vw, 1170px\" \/><\/a><\/figure>\n\n\n\n<figure class=\"wp-block-image size-large\"><a href=\"https:\/\/sybiracy.edu.pl\/wp-content\/uploads\/2022\/10\/312811733_919267939043832_769316965834938327_n.jpg\" data-rel=\"lightbox-gallery-InNhtBtw\" data-rl_title=\"\" data-rl_caption=\"\" title=\"\"><img loading=\"lazy\" decoding=\"async\" width=\"480\" height=\"640\" data-id=\"3741\" src=\"https:\/\/sybiracy.edu.pl\/wp-content\/uploads\/2022\/10\/312811733_919267939043832_769316965834938327_n.jpg\" alt=\"\" class=\"wp-image-3741\" srcset=\"https:\/\/sybiracy.edu.pl\/wp-content\/uploads\/2022\/10\/312811733_919267939043832_769316965834938327_n.jpg 480w, https:\/\/sybiracy.edu.pl\/wp-content\/uploads\/2022\/10\/312811733_919267939043832_769316965834938327_n-225x300.jpg 225w\" sizes=\"(max-width: 480px) 100vw, 480px\" \/><\/a><\/figure>\n\n\n\n<figure class=\"wp-block-image size-large\"><a href=\"https:\/\/sybiracy.edu.pl\/wp-content\/uploads\/2022\/10\/312983930_524955295705570_3180448150715375932_n.jpg\" data-rel=\"lightbox-gallery-InNhtBtw\" data-rl_title=\"\" data-rl_caption=\"\" title=\"\"><img loading=\"lazy\" decoding=\"async\" width=\"1170\" height=\"1560\" data-id=\"3743\" src=\"https:\/\/sybiracy.edu.pl\/wp-content\/uploads\/2022\/10\/312983930_524955295705570_3180448150715375932_n.jpg\" alt=\"\" class=\"wp-image-3743\" srcset=\"https:\/\/sybiracy.edu.pl\/wp-content\/uploads\/2022\/10\/312983930_524955295705570_3180448150715375932_n.jpg 1170w, https:\/\/sybiracy.edu.pl\/wp-content\/uploads\/2022\/10\/312983930_524955295705570_3180448150715375932_n-225x300.jpg 225w, https:\/\/sybiracy.edu.pl\/wp-content\/uploads\/2022\/10\/312983930_524955295705570_3180448150715375932_n-768x1024.jpg 768w, https:\/\/sybiracy.edu.pl\/wp-content\/uploads\/2022\/10\/312983930_524955295705570_3180448150715375932_n-1152x1536.jpg 1152w, https:\/\/sybiracy.edu.pl\/wp-content\/uploads\/2022\/10\/312983930_524955295705570_3180448150715375932_n-1140x1520.jpg 1140w\" sizes=\"(max-width: 1170px) 100vw, 1170px\" \/><\/a><\/figure>\n<\/figure>\n","protected":false},"excerpt":{"rendered":"<p>Koordynatorzy szkolnego Klubu Wolontariatu Agnieszka Bojnarowska Magdalena Joniec-Kulczyk Anna Ciapa\u0142a Mgdalena \u017bywczak Uczestniczyli\u015bmy w wielu programach i akcjach m.in.: Karta Dobra Koncert w s\u0105deckim hospicjum; Wsp\u00f3\u0142organizacja zabawy Andzejkowej dla przedszkolak\u00f3w (Przedszkole nr 4); Organizacja miko\u0142ajkowej paczki dla podopiecznego Stowarzyszenia Sursum Corda; \u201eDecydujesz, pomagamy &#8211; Tesco: Urodziny na lekarstwo\u201d; \u201eZosta\u0144 \u015awi\u0119tym Miko\u0142ajem\u201d; \u201eZakr\u0119tki-Odkr\u0119camy Marzenia\u201d &#8211; Fundusz Ma\u0142ych Marzycieli &#8211; zbi\u00f3rka nakr\u0119tek; Warsztaty \u201cWolontariat podaj dalej\u201d;<\/p>\n","protected":false},"author":2,"featured_media":0,"parent":0,"menu_order":0,"comment_status":"closed","ping_status":"closed","template":"","meta":{"ngg_post_thumbnail":0,"footnotes":""},"class_list":["post-3700","page","type-page","status-publish","hentry"],"_links":{"self":[{"href":"https:\/\/sybiracy.edu.pl\/index.php\/wp-json\/wp\/v2\/pages\/3700","targetHints":{"allow":["GET"]}}],"collection":[{"href":"https:\/\/sybiracy.edu.pl\/index.php\/wp-json\/wp\/v2\/pages"}],"about":[{"href":"https:\/\/sybiracy.edu.pl\/index.php\/wp-json\/wp\/v2\/types\/page"}],"author":[{"embeddable":true,"href":"https:\/\/sybiracy.edu.pl\/index.php\/wp-json\/wp\/v2\/users\/2"}],"replies":[{"embeddable":true,"href":"https:\/\/sybiracy.edu.pl\/index.php\/wp-json\/wp\/v2\/comments?post=3700"}],"version-history":[{"count":6,"href":"https:\/\/sybiracy.edu.pl\/index.php\/wp-json\/wp\/v2\/pages\/3700\/revisions"}],"predecessor-version":[{"id":3750,"href":"https:\/\/sybiracy.edu.pl\/index.php\/wp-json\/wp\/v2\/pages\/3700\/revisions\/3750"}],"wp:attachment":[{"href":"https:\/\/sybiracy.edu.pl\/index.php\/wp-json\/wp\/v2\/media?parent=3700"}],"curies":[{"name":"wp","href":"https:\/\/api.w.org\/{rel}","templated":true}]}}