{"id":124,"date":"2021-09-10T15:31:19","date_gmt":"2021-09-10T13:31:19","guid":{"rendered":"https:\/\/zsnr2.webd.pro\/?page_id=124"},"modified":"2026-02-22T14:39:49","modified_gmt":"2026-02-22T13:39:49","slug":"technikum","status":"publish","type":"page","link":"https:\/\/sybiracy.edu.pl\/index.php\/technikum\/","title":{"rendered":"Technikum nr 2"},"content":{"rendered":"\n<figure class=\"wp-block-gallery has-nested-images columns-default is-cropped wp-block-gallery-1 is-layout-flex wp-block-gallery-is-layout-flex\">\n<figure class=\"wp-block-image size-large\"><img fetchpriority=\"high\" decoding=\"async\" width=\"563\" height=\"793\" data-id=\"12472\" src=\"https:\/\/sybiracy.edu.pl\/wp-content\/uploads\/2025\/11\/technik-informatyk.png\" alt=\"\" class=\"wp-image-12472\" srcset=\"https:\/\/sybiracy.edu.pl\/wp-content\/uploads\/2025\/11\/technik-informatyk.png 563w, https:\/\/sybiracy.edu.pl\/wp-content\/uploads\/2025\/11\/technik-informatyk-213x300.png 213w\" sizes=\"(max-width: 563px) 100vw, 563px\" \/><\/figure>\n<\/figure>\n\n\n\n<h2 class=\"wp-block-heading has-vivid-red-color has-text-color has-link-color wp-elements-6766ce2925e78dcaa08e2172cefd08ec\">Technik informatyk ze specjalno\u015bci\u0105 Cyberbezpiecze\u0144stwo (klasa mundurowa)<\/h2>\n\n\n\n<p>Z przyjemno\u015bci\u0105 informujemy o rozszerzeniu oferty edukacyjnej o nowy kierunek kszta\u0142cenia:\u00a0<strong>Technik Informatyk ze specjalno\u015bci\u0105 Cyberbezpiecze\u0144stwo<\/strong>. <\/p>\n\n\n\n<p>Inicjatywa ta jest odpowiedzi\u0105 na dynamiczny rozw\u00f3j technologii cyfrowych oraz rosn\u0105ce zapotrzebowanie rynku pracy na wykwalifikowanych specjalist\u00f3w w dziedzinie ochrony danych i system\u00f3w informatycznych, administracji sieci, tworzenia aplikacji mobilnych czy analizy danych.<\/p>\n\n\n\n<p>Od lat szczycimy si\u0119 najlepszymi w Polsce klasami mundurowymi, kt\u00f3rych absolwenci zasilaj\u0105 szeregi wojska st\u0105d naturaln\u0105 konsekwencj\u0105 poszerzania naszej oferty jest otwarcie nowego kierunku Technik Informatyk z uwzgl\u0119dnieniem kluczowego dla wsp\u00f3\u0142czesnej obronno\u015bci cyberbezpiecze\u0144stwa.<\/p>\n\n\n\n<p>Absolwenci tego kierunku b\u0119d\u0105 przygotowani do studi\u00f3w specjalistycznych na uczelniach wy\u017cszych, a tak\u017ce zdob\u0119d\u0105 szerokie perspektywy zawodowe zar\u00f3wno w bran\u017cach komercyjnych, jak i w dynamicznie rozwijanych strukturach odpowiedzialnych za bezpiecze\u0144stwo cyfrowe pa\u0144stwa.<\/p>\n\n\n\n<p><strong>Kwalifikacje&nbsp;<\/strong>jakie zdob\u0119dziesz na kierunku&nbsp;<strong>technik informatyk:<\/strong><\/p>\n\n\n\n<ul class=\"wp-block-list\">\n<li><strong>INF.02.<\/strong>&nbsp;Administracja i eksploatacja system\u00f3w komputerowych, urz\u0105dze\u0144 peryferyjnych i lokalnych sieci komputerowych<\/li>\n\n\n\n<li><strong>INF.03.<\/strong>&nbsp;Tworzenie i administrowanie stronami i aplikacjami internetowymi oraz bazami danych<\/li>\n<\/ul>\n\n\n\n<p><strong>Umiej\u0119tno\u015bci zawodowe&nbsp;<\/strong>jakie b\u0119dziesz posiada\u0142 po uko\u0144czeniu szko\u0142y:<\/p>\n\n\n\n<ul class=\"wp-block-list\">\n<li>przygotowania do pracy systemu komputerowego i urz\u0105dze\u0144 peryferyjnych,<\/li>\n\n\n\n<li>administrowania systemami operacyjnymi,<\/li>\n\n\n\n<li>serwisowania i naprawiania urz\u0105dze\u0144 techniki komputerowej,<\/li>\n\n\n\n<li>przygotowania i eksploatacji lokalnej sieci komputerowej,<\/li>\n\n\n\n<li>tworzenia i administrowania stronami internetowymi,<\/li>\n\n\n\n<li>tworzenia, administrowania i u\u017cytkowania relacyjnych baz danych,<\/li>\n\n\n\n<li>programowania aplikacji internetowych,<\/li>\n\n\n\n<li>tworzenia i administrowania systemami zarz\u0105dzania tre\u015bci\u0105.<\/li>\n<\/ul>\n\n\n\n<p><strong>Specjalno\u015b\u0107 z zakresu cyberbezpiecze\u0144stwa<\/strong>&nbsp;to dodatkowy nacisk na zagadnienia z kt\u00f3rymi aktualnie mierzy si\u0119 ca\u0142y \u015bwiat np. ochrony danych osobowych, krytycznej infrastruktury i zapewnienia ci\u0105g\u0142o\u015bci dzia\u0142ania system\u00f3w informatycznych. Zdob\u0119dziesz wi\u0119c umiej\u0119tno\u015bci, pozwalaj\u0105ce sprosta\u0107 wsp\u00f3\u0142czesnym zagro\u017ceniom cyfrowym, obejmuj\u0105ce m.in.:<\/p>\n\n\n\n<ul class=\"wp-block-list\">\n<li>skuteczne stosowanie zap\u00f3r sieciowych (firewall) i sieci VPN do ochrony infrastruktury IT,<\/li>\n\n\n\n<li>zabezpieczanie system\u00f3w operacyjnych w celu zapobiegania w\u0142amaniom,<\/li>\n\n\n\n<li>stosowanie kryptografii i technik szyfrowania w celu zapewnienia poufno\u015bci informacji,<\/li>\n\n\n\n<li>identyfikacje i zwalczanie atak\u00f3w hakerskich, z\u0142o\u015bliwego oprogramowania (malware) i phishingu,<\/li>\n\n\n\n<li>prawne aspekty ochrony danych i etyk\u0119 w cyfrowym \u015bwiecie.<\/li>\n<\/ul>\n\n\n\n<p>Dodatkowo w trakcje trwania nauki, uczniowie odb\u0119d\u0105 szkolenie wojskowe sp\u00f3jne z Oddzia\u0142ami Przygotowalnia Wojskowego.<\/p>\n\n\n\n<figure class=\"wp-block-image size-full\"><img decoding=\"async\" width=\"1024\" height=\"576\" src=\"https:\/\/sybiracy.edu.pl\/wp-content\/uploads\/2021\/09\/kol_tech_t-1024x576-1.jpg\" alt=\"\" class=\"wp-image-581\" srcset=\"https:\/\/sybiracy.edu.pl\/wp-content\/uploads\/2021\/09\/kol_tech_t-1024x576-1.jpg 1024w, https:\/\/sybiracy.edu.pl\/wp-content\/uploads\/2021\/09\/kol_tech_t-1024x576-1-300x169.jpg 300w, https:\/\/sybiracy.edu.pl\/wp-content\/uploads\/2021\/09\/kol_tech_t-1024x576-1-768x432.jpg 768w\" sizes=\"(max-width: 1024px) 100vw, 1024px\" \/><\/figure>\n\n\n\n<h2 class=\"wp-block-heading has-vivid-red-color has-text-color\">Technik organizacji turystyki<\/h2>\n\n\n\n<p class=\"has-vivid-red-color has-text-color\"><strong>\u2026jedyna taka klasa w Nowym S\u0105czu !!!<\/strong><\/p>\n\n\n\n<p><strong>Technik organizacji turystyki w ramach swoich zada\u0144 zawodowych:<\/strong><\/p>\n\n\n\n<ul class=\"wp-block-list\">\n<li>organizuje dzia\u0142alno\u015b\u0107 turystyczn\u0105;<\/li>\n\n\n\n<li>przygotowuje, sprzedaje, realizuje i rozlicza imprezy i us\u0142ugi turystyczne;<\/li>\n\n\n\n<li>udziela informacji turystycznej;<\/li>\n\n\n\n<li>obs\u0142uguje klient\u00f3w korzystaj\u0105cych z us\u0142ug turystycznych, np. przewodnickich, pilota\u017cu, noclegowych;<\/li>\n\n\n\n<li>obs\u0142uguje konferencje, kongresy;<\/li>\n\n\n\n<li>prowadzi dokumentacj\u0119 zwi\u0105zan\u0105 z organizacj\u0105 imprez i us\u0142ug turystycznych oraz obs\u0142ug\u0105 klient\u00f3w;<\/li>\n\n\n\n<li>prowadzi dzia\u0142ania marketingowe na rzecz turystyki;<\/li>\n\n\n\n<li>wykorzystuje nowoczesne technologie;<\/li>\n\n\n\n<li>obs\u0142uguje programy komputerowe;<\/li>\n\n\n\n<li>realizuje zadania w systemach rezerwacyjnych oraz wykorzystuje nowoczesne rozwi\u0105zania technologiczne.<\/li>\n<\/ul>\n\n\n\n<p>Technik organizacji turystyki zatrudnienie mo\u017ce znale\u017a\u0107 w biurach podr\u00f3\u017cy, jednostkach obs\u0142ugi ruchu turystycznego, plac\u00f3wkach informacji turystycznej, administracji rz\u0105dowej i samorz\u0105dowej, obiektach noclegowych, biurach organizator\u00f3w kongres\u00f3w i konferencji.<br>Znaczenie interdyscyplinarnej turystyki jako sektora gospodarki wci\u0105\u017c wzrasta. Prognozy Instytutu Turystyki dotycz\u0105ce ruchu turystycznego na \u015bwiecie wskazuj\u0105 na dynamiczny rozw\u00f3j bran\u017cy turystycznej jako sektora gospodarki oraz wzrost udzia\u0142u turystyki w zatrudnieniu. W dynamicznym rozwoju turystyki zauwa\u017calne s\u0105 trendy zwi\u0105zane ze zmianami demograficznymi, ze wzrastaj\u0105c\u0105 \u015bwiadomo\u015bci\u0105 i edukacj\u0105, trendy dotycz\u0105ce zdrowia czy informacji. Turystyka sta\u0142a si\u0119 te\u017c nieod\u0142\u0105cznym elementem \u017cycia spo\u0142ecznego.<br>Bran\u017ca ta jest specyficzna \u2013 wymaga od pracownik\u00f3w wysokiej kultury osobistej, wysokich spo\u0142ecznych kompetencji, sta\u0142ego kontaktu z lud\u017ami, komunikatywno\u015bci, samodzielno\u015bci i konieczno\u015bci sta\u0142ego dokszta\u0142cania si\u0119. Oczekiwania pracodawc\u00f3w, formu\u0142owane przede wszystkim w oparciu o opis stanowiska pracy, nakierowane s\u0105 g\u0142\u00f3wnie na kwalifikacje i praktyczne umiej\u0119tno\u015bci zwi\u0105zane z obs\u0142ug\u0105 klient\u00f3w, przygotowaniem atrakcyjnego produktu turystycznego i pos\u0142ugiwaniem si\u0119 j\u0119zykami obcymi. Kolejnymi istotnym wymogami s\u0105 znajomo\u015b\u0107 bran\u017cy, umiej\u0119tno\u015b\u0107 obs\u0142ugiwania system\u00f3w rezerwacyjnych oraz sporz\u0105dzania dokumentacji bran\u017cowej, a tak\u017ce du\u017ca samodzielno\u015b\u0107.<\/p>\n\n\n\n<p><strong>Przedmiot rozszerzony:<\/strong>&nbsp;geografia<\/p>\n\n\n\n<h3 class=\"wp-block-heading\">PRAKTYKA ZAWODOWA<\/h3>\n\n\n\n<p>Praktyka zawodowa umo\u017cliwia konfrontacj\u0119, poszerzenie wiedzy i umiej\u0119tno\u015bci uzyskanej w szkole. Zadania realizowane przez uczni\u00f3w w trakcie praktyki zawodowej s\u0105 skorelowane<br>z tre\u015bciami programowymi nauczania zrealizowanych w szkole. Celem praktyki zawodowej jest pog\u0142\u0119bianie oraz doskonalenie umiej\u0119tno\u015bci opanowanych w szkole, w rzeczywistych warunkach pracy. W trakcie realizacji programu praktyki uczniowie doskonal\u0105 umiej\u0119tno\u015bci wykonywania okre\u015blonych zada\u0144 na poszczeg\u00f3lnych stanowiskach pracy. Podczas praktyki uczniowie poznaj\u0105 prac\u0119 wszystkich dzia\u0142\u00f3w przedsi\u0119biorstwa handlowego oraz wykonuj\u0105 zadania na r\u00f3\u017cnych stanowiskach pracy. Uczniowie dokumentuj\u0105 przebieg praktyki zawodowej w dzienniczku praktyk.<\/p>\n\n\n\n<h3 class=\"wp-block-heading\">EGZAMINY<\/h3>\n\n\n\n<ul class=\"wp-block-list\">\n<li>Egzamin z kwalifikacji<strong>&nbsp;HGT.07. Przygotowanie imprez i us\u0142ug turystycznych.<\/strong><\/li>\n\n\n\n<li>Egzamin z kwalifikacji&nbsp;<strong>HGT.08. Obs\u0142uga klienta oraz rozliczanie imprez i us\u0142ug turystycznych.<\/strong><\/li>\n<\/ul>\n\n\n\n<p><\/p>\n","protected":false},"excerpt":{"rendered":"<p>Technik informatyk ze specjalno\u015bci\u0105 Cyberbezpiecze\u0144stwo (klasa mundurowa) Z przyjemno\u015bci\u0105 informujemy o rozszerzeniu oferty edukacyjnej o nowy kierunek kszta\u0142cenia:\u00a0Technik Informatyk ze specjalno\u015bci\u0105 Cyberbezpiecze\u0144stwo. Inicjatywa ta jest odpowiedzi\u0105 na dynamiczny rozw\u00f3j technologii cyfrowych oraz rosn\u0105ce zapotrzebowanie rynku pracy na wykwalifikowanych specjalist\u00f3w w dziedzinie ochrony danych i system\u00f3w informatycznych, administracji sieci, tworzenia aplikacji mobilnych czy analizy danych. Od lat szczycimy si\u0119 najlepszymi w Polsce klasami mundurowymi, kt\u00f3rych absolwenci zasilaj\u0105 szeregi wojska st\u0105d naturaln\u0105 konsekwencj\u0105 poszerzania naszej oferty jest otwarcie nowego kierunku Technik Informatyk z uwzgl\u0119dnieniem kluczowego dla wsp\u00f3\u0142czesnej obronno\u015bci cyberbezpiecze\u0144stwa. Absolwenci tego kierunku b\u0119d\u0105 przygotowani do studi\u00f3w specjalistycznych na uczelniach wy\u017cszych, a tak\u017ce zdob\u0119d\u0105 szerokie perspektywy zawodowe zar\u00f3wno w bran\u017cach komercyjnych, jak i w dynamicznie rozwijanych strukturach odpowiedzialnych za bezpiecze\u0144stwo cyfrowe pa\u0144stwa. Kwalifikacje&nbsp;jakie zdob\u0119dziesz na kierunku&nbsp;technik informatyk: Umiej\u0119tno\u015bci zawodowe&nbsp;jakie b\u0119dziesz posiada\u0142 po uko\u0144czeniu szko\u0142y: Specjalno\u015b\u0107 z zakresu cyberbezpiecze\u0144stwa&nbsp;to dodatkowy nacisk na zagadnienia z kt\u00f3rymi aktualnie mierzy si\u0119 ca\u0142y \u015bwiat np. ochrony danych osobowych, krytycznej infrastruktury i zapewnienia ci\u0105g\u0142o\u015bci dzia\u0142ania system\u00f3w informatycznych. Zdob\u0119dziesz wi\u0119c umiej\u0119tno\u015bci, pozwalaj\u0105ce sprosta\u0107 wsp\u00f3\u0142czesnym zagro\u017ceniom cyfrowym, obejmuj\u0105ce m.in.: Dodatkowo w trakcje trwania nauki, uczniowie odb\u0119d\u0105 szkolenie wojskowe sp\u00f3jne z Oddzia\u0142ami Przygotowalnia Wojskowego. Technik organizacji turystyki \u2026jedyna taka klasa w Nowym S\u0105czu !!! Technik organizacji turystyki w ramach swoich zada\u0144 zawodowych: Technik organizacji turystyki zatrudnienie mo\u017ce znale\u017a\u0107 w biurach podr\u00f3\u017cy, jednostkach obs\u0142ugi ruchu turystycznego, plac\u00f3wkach informacji turystycznej, administracji rz\u0105dowej i samorz\u0105dowej, obiektach noclegowych, biurach organizator\u00f3w kongres\u00f3w i konferencji.Znaczenie interdyscyplinarnej turystyki jako sektora gospodarki wci\u0105\u017c wzrasta. Prognozy Instytutu Turystyki dotycz\u0105ce ruchu turystycznego na \u015bwiecie wskazuj\u0105 na dynamiczny rozw\u00f3j bran\u017cy turystycznej jako sektora gospodarki oraz wzrost udzia\u0142u turystyki w zatrudnieniu. W dynamicznym rozwoju turystyki zauwa\u017calne s\u0105 trendy zwi\u0105zane ze zmianami demograficznymi, ze wzrastaj\u0105c\u0105 \u015bwiadomo\u015bci\u0105 i edukacj\u0105, trendy dotycz\u0105ce zdrowia czy informacji. Turystyka sta\u0142a si\u0119 te\u017c nieod\u0142\u0105cznym elementem \u017cycia spo\u0142ecznego.Bran\u017ca ta jest specyficzna \u2013 wymaga od pracownik\u00f3w wysokiej kultury osobistej, wysokich spo\u0142ecznych kompetencji, sta\u0142ego kontaktu z lud\u017ami, komunikatywno\u015bci, samodzielno\u015bci i konieczno\u015bci sta\u0142ego dokszta\u0142cania si\u0119. Oczekiwania pracodawc\u00f3w, formu\u0142owane przede wszystkim w oparciu o opis stanowiska pracy, nakierowane s\u0105 g\u0142\u00f3wnie na kwalifikacje i praktyczne umiej\u0119tno\u015bci zwi\u0105zane z obs\u0142ug\u0105 klient\u00f3w, przygotowaniem atrakcyjnego produktu turystycznego i pos\u0142ugiwaniem si\u0119 j\u0119zykami obcymi. Kolejnymi istotnym wymogami s\u0105 znajomo\u015b\u0107 bran\u017cy, umiej\u0119tno\u015b\u0107 obs\u0142ugiwania system\u00f3w rezerwacyjnych oraz sporz\u0105dzania dokumentacji bran\u017cowej, a tak\u017ce du\u017ca samodzielno\u015b\u0107. Przedmiot rozszerzony:&nbsp;geografia PRAKTYKA ZAWODOWA Praktyka zawodowa umo\u017cliwia konfrontacj\u0119, poszerzenie wiedzy i umiej\u0119tno\u015bci uzyskanej w szkole. Zadania realizowane przez uczni\u00f3w w trakcie praktyki zawodowej s\u0105 skorelowanez tre\u015bciami programowymi nauczania zrealizowanych w szkole. Celem praktyki zawodowej jest pog\u0142\u0119bianie oraz doskonalenie umiej\u0119tno\u015bci opanowanych w szkole, w rzeczywistych warunkach pracy. W trakcie realizacji programu praktyki uczniowie doskonal\u0105 umiej\u0119tno\u015bci wykonywania okre\u015blonych zada\u0144 na poszczeg\u00f3lnych stanowiskach pracy. Podczas praktyki uczniowie poznaj\u0105 prac\u0119 wszystkich dzia\u0142\u00f3w przedsi\u0119biorstwa handlowego oraz wykonuj\u0105 zadania na r\u00f3\u017cnych stanowiskach pracy. Uczniowie dokumentuj\u0105 przebieg praktyki zawodowej w dzienniczku praktyk. EGZAMINY<\/p>\n","protected":false},"author":1,"featured_media":0,"parent":0,"menu_order":0,"comment_status":"closed","ping_status":"closed","template":"","meta":{"ngg_post_thumbnail":0,"footnotes":""},"class_list":["post-124","page","type-page","status-publish","hentry"],"_links":{"self":[{"href":"https:\/\/sybiracy.edu.pl\/index.php\/wp-json\/wp\/v2\/pages\/124","targetHints":{"allow":["GET"]}}],"collection":[{"href":"https:\/\/sybiracy.edu.pl\/index.php\/wp-json\/wp\/v2\/pages"}],"about":[{"href":"https:\/\/sybiracy.edu.pl\/index.php\/wp-json\/wp\/v2\/types\/page"}],"author":[{"embeddable":true,"href":"https:\/\/sybiracy.edu.pl\/index.php\/wp-json\/wp\/v2\/users\/1"}],"replies":[{"embeddable":true,"href":"https:\/\/sybiracy.edu.pl\/index.php\/wp-json\/wp\/v2\/comments?post=124"}],"version-history":[{"count":9,"href":"https:\/\/sybiracy.edu.pl\/index.php\/wp-json\/wp\/v2\/pages\/124\/revisions"}],"predecessor-version":[{"id":13010,"href":"https:\/\/sybiracy.edu.pl\/index.php\/wp-json\/wp\/v2\/pages\/124\/revisions\/13010"}],"wp:attachment":[{"href":"https:\/\/sybiracy.edu.pl\/index.php\/wp-json\/wp\/v2\/media?parent=124"}],"curies":[{"name":"wp","href":"https:\/\/api.w.org\/{rel}","templated":true}]}}